{"id":333,"date":"2016-02-04T14:03:24","date_gmt":"2016-02-04T14:03:24","guid":{"rendered":"http:\/\/www.werft-malz.de\/?page_id=333"},"modified":"2018-11-19T10:24:41","modified_gmt":"2018-11-19T10:24:41","slug":"datenschutz","status":"publish","type":"page","link":"https:\/\/www.werft-malz.de\/?page_id=333","title":{"rendered":"Datenschutz"},"content":{"rendered":"<h2>1. Datenschutz auf einen Blick<\/h2>\n<h3>Allgemeine Hinweise<\/h3>\n<p>Die folgenden Hinweise geben einen einfachen &Uuml;berblick dar&uuml;ber, was mit Ihren personenbezogenen Daten passiert, wenn Sie unsere Website besuchen. Personenbezogene Daten sind alle Daten, mit denen Sie pers&ouml;nlich identifiziert werden k&ouml;nnen. Ausf&uuml;hrliche Informationen zum Thema Datenschutz entnehmen Sie unserer unter diesem Text aufgef&uuml;hrten Datenschutzerkl&auml;rung.<\/p>\n<h3>Datenerfassung auf unserer Website<\/h3>\n<p><strong>Wer ist verantwortlich f&uuml;r die Datenerfassung auf dieser Website?<\/strong><\/p>\n<p>Die Datenverarbeitung auf dieser Website erfolgt durch den Websitebetreiber. Dessen Kontaktdaten k&ouml;nnen Sie dem Impressum dieser Website entnehmen.<\/p>\n<p><strong>Wie erfassen wir Ihre Daten?<\/strong><\/p>\n<p>Ihre Daten werden zum einen dadurch erhoben, dass Sie uns diese mitteilen. Hierbei kann es sich z.B. um Daten handeln, die Sie in ein Kontaktformular eingeben.<\/p>\n<p>Andere Daten werden automatisch beim Besuch der Website durch unsere IT-Systeme erfasst. Das sind vor allem technische Daten (z.B. Internetbrowser, Betriebssystem oder Uhrzeit des Seitenaufrufs). Die Erfassung dieser Daten erfolgt automatisch, sobald Sie unsere Website betreten.<\/p>\n<p><strong>Wof&uuml;r nutzen wir Ihre Daten?<\/strong><\/p>\n<p>Ein Teil der Daten wird erhoben, um eine fehlerfreie Bereitstellung der Website zu gew&auml;hrleisten. Andere Daten k&ouml;nnen zur Analyse Ihres Nutzerverhaltens verwendet werden.<\/p>\n<p><strong>Welche Rechte haben Sie bez&uuml;glich Ihrer Daten?<\/strong><\/p>\n<p>Sie haben jederzeit das Recht unentgeltlich Auskunft &uuml;ber Herkunft, Empf&auml;nger und Zweck Ihrer gespeicherten personenbezogenen Daten zu erhalten. Sie haben au&szlig;erdem ein Recht, die Berichtigung, Sperrung oder L&ouml;schung dieser Daten zu verlangen. Hierzu sowie zu weiteren Fragen zum Thema Datenschutz k&ouml;nnen Sie sich jederzeit unter der im Impressum angegebenen Adresse an uns wenden. Des Weiteren steht Ihnen ein Beschwerderecht bei der zust&auml;ndigen Aufsichtsbeh&ouml;rde zu.<\/p>\n<p>Au&szlig;erdem haben Sie das Recht, unter bestimmten Umst&auml;nden die Einschr&auml;nkung der Verarbeitung Ihrer personenbezogenen Daten zu verlangen. Details hierzu entnehmen Sie der Datenschutzerkl&auml;rung unter &bdquo;Recht auf Einschr&auml;nkung der Verarbeitung&ldquo;.<\/p>\n<h3>Analyse-Tools und Tools von Drittanbietern<\/h3>\n<p>Beim Besuch unserer Website kann Ihr Surf-Verhalten statistisch ausgewertet werden. Das geschieht vor allem mit Cookies und mit sogenannten Analyseprogrammen. Die Analyse Ihres Surf-Verhaltens erfolgt in der Regel anonym; das Surf-Verhalten kann nicht zu Ihnen zur&uuml;ckverfolgt werden. Sie k&ouml;nnen dieser Analyse widersprechen oder sie durch die Nichtbenutzung bestimmter Tools verhindern. Detaillierte Informationen dazu finden Sie in der folgenden Datenschutzerkl&auml;rung.<\/p>\n<p>Sie k&ouml;nnen dieser Analyse widersprechen. &Uuml;ber die Widerspruchsm&ouml;glichkeiten werden wir Sie in dieser Datenschutzerkl&auml;rung informieren.<\/p>\n<h2>2. Allgemeine Hinweise und Pflichtinformationen<\/h2>\n<h3>Datenschutz<\/h3>\n<p>Die Betreiber dieser Seiten nehmen den Schutz Ihrer pers&ouml;nlichen Daten sehr ernst. Wir behandeln Ihre personenbezogenen Daten vertraulich und entsprechend der gesetzlichen Datenschutzvorschriften sowie dieser Datenschutzerkl&auml;rung.<\/p>\n<p>Wenn Sie diese Website benutzen, werden verschiedene personenbezogene Daten erhoben. Personenbezogene Daten sind Daten, mit denen Sie pers&ouml;nlich identifiziert werden k&ouml;nnen. Die vorliegende Datenschutzerkl&auml;rung erl&auml;utert, welche Daten wir erheben und wof&uuml;r wir sie nutzen. Sie erl&auml;utert auch, wie und zu welchem Zweck das geschieht.<\/p>\n<p>Wir weisen darauf hin, dass die Daten&uuml;bertragung im Internet (z.B. bei der Kommunikation per E-Mail) Sicherheitsl&uuml;cken aufweisen kann. Ein l&uuml;ckenloser Schutz der Daten vor dem Zugriff durch Dritte ist nicht m&ouml;glich.<\/p>\n<h3>Hinweis zur verantwortlichen Stelle<\/h3>\n<p>Die verantwortliche Stelle f&uuml;r die Datenverarbeitung auf dieser Website ist:<\/p>\n<p>Werft Malz GmbH<br \/>\nAn der Schleuse 7<br \/>\n16515 Oranienburg<\/p>\n<p>Telefon: 03301-20320<br \/>\nE-Mail: &#x69;&#x6e;&#x66;&#x6f;&#x40;&#119;&#101;&#114;&#102;t-m&#x61;&#x6c;&#x7a;&#x2e;&#x64;&#x65;<\/p>\n<p>Verantwortliche Stelle ist die nat&uuml;rliche oder juristische Person, die allein oder gemeinsam mit anderen &uuml;ber die Zwecke und Mittel der Verarbeitung von personenbezogenen Daten (z.B. Namen, E-Mail-Adressen o. &Auml;.) entscheidet.<\/p>\n<h3>Widerruf Ihrer Einwilligung zur Datenverarbeitung<\/h3>\n<p>Viele Datenverarbeitungsvorg&auml;nge sind nur mit Ihrer ausdr&uuml;cklichen Einwilligung m&ouml;glich. Sie k&ouml;nnen eine bereits erteilte Einwilligung jederzeit widerrufen. Dazu reicht eine formlose Mitteilung per E-Mail an uns. Die Rechtm&auml;&szlig;igkeit der bis zum Widerruf erfolgten Datenverarbeitung bleibt vom Widerruf unber&uuml;hrt.<\/p>\n<h3>Widerspruchsrecht gegen die Datenerhebung in besonderen F&auml;llen sowie gegen Direktwerbung (Art. 21 DSGVO)<\/h3>\n<p><strong>Wenn die Datenverarbeitung auf Grundlage von Art. 6 Abs. 1 lit. e oder f DSGVO erfolgt, haben Sie jederzeit das Recht, aus Gr&uuml;nden, die sich aus Ihrer besonderen Situation ergeben, gegen die Verarbeitung Ihrer personenbezogenen Daten Widerspruch einzulegen; dies gilt auch f&uuml;r ein auf diese Bestimmungen gest&uuml;tztes Profiling. Die jeweilige Rechtsgrundlage, auf denen eine Verarbeitung beruht, entnehmen Sie dieser Datenschutzerkl&auml;rung. Wenn Sie Widerspruch einlegen, werden wir Ihre betroffenen personenbezogenen Daten nicht mehr verarbeiten, es sei denn, wir k&ouml;nnen zwingende schutzw&uuml;rdige Gr&uuml;nde f&uuml;r die Verarbeitung nachweisen, die Ihre Interessen, Rechte und Freiheiten &uuml;berwiegen oder die Verarbeitung dient der Geltendmachung, Aus&uuml;bung oder Verteidigung von Rechtsanspr&uuml;chen (Widerspruch nach Art. 21 Abs. 1 DSGVO).<\/strong><\/p>\n<p><strong>Werden Ihre personenbezogenen Daten verarbeitet, um Direktwerbung zu betreiben, so haben Sie das Recht, jederzeit Widerspruch gegen die Verarbeitung Sie betreffender personenbezogener Daten zum Zwecke derartiger Werbung einzulegen; dies gilt auch f&uuml;r das Profiling, soweit es mit solcher Direktwerbung in Verbindung steht. Wenn Sie widersprechen, werden Ihre personenbezogenen Daten anschlie&szlig;end nicht mehr zum Zwecke der Direktwerbung verwendet (Widerspruch nach Art. 21 Abs. 2 DSGVO).<\/strong><\/p>\n<h3>Beschwerderecht bei der zust&auml;ndigen Aufsichtsbeh&ouml;rde<\/h3>\n<p>Im Falle von Verst\u00f6\u00dfen gegen die DSGVO steht den Betroffenen ein Beschwerderecht bei einer Aufsichtsbeh\u00f6rde, insbesondere in dem Mitgliedstaat ihres gew\u00f6hnlichen Aufenthalts, ihres Arbeitsplatzes oder des Orts des mutma\u00dflichen Versto\u00dfes zu. Das Beschwerderecht besteht unbeschadet anderweitiger verwaltungsrechtlicher oder gerichtlicher Rechtsbehelfe.<\/p>\n<h3>Recht auf Daten&uuml;bertragbarkeit<\/h3>\n<p>Sie haben das Recht, Daten, die wir auf Grundlage Ihrer Einwilligung oder in Erf&uuml;llung eines Vertrags automatisiert verarbeiten, an sich oder an einen Dritten in einem g&auml;ngigen, maschinenlesbaren Format aush&auml;ndigen zu lassen. Sofern Sie die direkte &Uuml;bertragung der Daten an einen anderen Verantwortlichen verlangen, erfolgt dies nur, soweit es technisch machbar ist.<\/p>\n<h3>SSL- bzw. TLS-Verschl&uuml;sselung<\/h3>\n<p>Diese Seite nutzt aus Sicherheitsgr&uuml;nden und zum Schutz der &Uuml;bertragung vertraulicher Inhalte, wie zum Beispiel Bestellungen oder Anfragen, die Sie an uns als Seitenbetreiber senden, eine SSL-bzw. TLS-Verschl&uuml;sselung. Eine verschl&uuml;sselte Verbindung erkennen Sie daran, dass die Adresszeile des Browsers von &ldquo;http:\/\/&rdquo; auf &ldquo;https:\/\/&rdquo; wechselt und an dem Schloss-Symbol in Ihrer Browserzeile.<\/p>\n<p>Wenn die SSL- bzw. TLS-Verschl&uuml;sselung aktiviert ist, k&ouml;nnen die Daten, die Sie an uns &uuml;bermitteln, nicht von Dritten mitgelesen werden.<\/p>\n<h3>Auskunft, Sperrung, L&ouml;schung und Berichtigung<\/h3>\n<p>Sie haben im Rahmen der geltenden gesetzlichen Bestimmungen jederzeit das Recht auf unentgeltliche Auskunft &uuml;ber Ihre gespeicherten personenbezogenen Daten, deren Herkunft und Empf&auml;nger und den Zweck der Datenverarbeitung und ggf. ein Recht auf Berichtigung, Sperrung oder L&ouml;schung dieser Daten. Hierzu sowie zu weiteren Fragen zum Thema personenbezogene Daten k&ouml;nnen Sie sich jederzeit unter der im Impressum angegebenen Adresse an uns wenden.<\/p>\n<h3>Recht auf Einschr&auml;nkung der Verarbeitung<\/h3>\n<p>Sie haben das Recht, die Einschr&auml;nkung der Verarbeitung Ihrer personenbezogenen Daten zu verlangen. Hierzu k&ouml;nnen Sie sich jederzeit unter der im Impressum angegebenen Adresse an uns wenden. Das Recht auf Einschr&auml;nkung der Verarbeitung besteht in folgenden F&auml;llen:<\/p>\n<ul>\n<li>Wenn Sie die Richtigkeit Ihrer bei uns gespeicherten personenbezogenen Daten bestreiten, ben&ouml;tigen wir in der Regel Zeit, um dies zu &uuml;berpr&uuml;fen. F&uuml;r die Dauer der Pr&uuml;fung haben Sie das Recht, die Einschr&auml;nkung der Verarbeitung Ihrer personenbezogenen Daten zu verlangen.<\/li>\n<li>Wenn die Verarbeitung Ihrer personenbezogenen Daten unrechtm&auml;&szlig;ig geschah \/ geschieht, k&ouml;nnen Sie statt der L&ouml;schung die Einschr&auml;nkung der Datenverarbeitung verlangen.<\/li>\n<li>Wenn wir Ihre personenbezogenen Daten nicht mehr ben&ouml;tigen, Sie sie jedoch zur Aus&uuml;bung, Verteidigung oder Geltendmachung von Rechtsanspr&uuml;chen ben&ouml;tigen, haben Sie das Recht, statt der L&ouml;schung die Einschr&auml;nkung der Verarbeitung Ihrer personenbezogenen Daten zu verlangen.<\/li>\n<li>Wenn Sie einen Widerspruch nach Art. 21 Abs. 1 DSGVO eingelegt haben, muss eine Abw&auml;gung zwischen Ihren und unseren Interessen vorgenommen werden. Solange noch nicht feststeht, wessen Interessen &uuml;berwiegen, haben Sie das Recht, die Einschr&auml;nkung der Verarbeitung Ihrer personenbezogenen Daten zu verlangen.<\/li>\n<\/ul>\n<p>Wenn Sie die Verarbeitung Ihrer personenbezogenen Daten eingeschr&auml;nkt haben, d&uuml;rfen diese Daten &ndash; von ihrer Speicherung abgesehen &ndash; nur mit Ihrer Einwilligung oder zur Geltendmachung, Aus&uuml;bung oder Verteidigung von Rechtsanspr&uuml;chen oder zum Schutz der Rechte einer anderen nat&uuml;rlichen oder juristischen Person oder aus Gr&uuml;nden eines wichtigen &ouml;ffentlichen Interesses der Europ&auml;ischen Union oder eines Mitgliedstaats verarbeitet werden.<\/p>\n<h2>3. Datenerfassung auf unserer Website<\/h2>\n<h3>Server-Log-Dateien<\/h3>\n<p>Der Provider der Seiten erhebt und speichert automatisch Informationen in so genannten Server-Log-Dateien, die Ihr Browser automatisch an uns &uuml;bermittelt. Dies sind:<\/p>\n<ul>\n<li>Browsertyp und Browserversion<\/li>\n<li>verwendetes Betriebssystem<\/li>\n<li>Referrer URL<\/li>\n<li>Hostname des zugreifenden Rechners<\/li>\n<li>Uhrzeit der Serveranfrage<\/li>\n<li>IP-Adresse<\/li>\n<\/ul>\n<p>Eine Zusammenf&uuml;hrung dieser Daten mit anderen Datenquellen wird nicht vorgenommen.<\/p>\n<p>Die Erfassung dieser Daten erfolgt auf Grundlage von Art. 6 Abs. 1 lit. f DSGVO. Der Websitebetreiber hat ein berechtigtes Interesse an der technisch fehlerfreien Darstellung und der Optimierung seiner Website &ndash; hierzu m&uuml;ssen die Server-Log-Files erfasst werden.<\/p>\n<h3>Kontaktformular<\/h3>\n<p>Wenn Sie uns per Kontaktformular Anfragen zukommen lassen, werden Ihre Angaben aus dem Anfrageformular inklusive der von Ihnen dort angegebenen Kontaktdaten zwecks Bearbeitung der Anfrage und f&uuml;r den Fall von Anschlussfragen bei uns gespeichert. Diese Daten geben wir nicht ohne Ihre Einwilligung weiter.<\/p>\n<p>Die Verarbeitung der in das Kontaktformular eingegebenen Daten erfolgt somit ausschlie&szlig;lich auf Grundlage Ihrer Einwilligung (Art. 6 Abs. 1 lit. a DSGVO). Sie k&ouml;nnen diese Einwilligung jederzeit widerrufen. Dazu reicht eine formlose Mitteilung per E-Mail an uns. Die Rechtm&auml;&szlig;igkeit der bis zum Widerruf erfolgten Datenverarbeitungsvorg&auml;nge bleibt vom Widerruf unber&uuml;hrt.<\/p>\n<p>Die von Ihnen im Kontaktformular eingegebenen Daten verbleiben bei uns, bis Sie uns zur L&ouml;schung auffordern, Ihre Einwilligung zur Speicherung widerrufen oder der Zweck f&uuml;r die Datenspeicherung entf&auml;llt (z.B. nach abgeschlossener Bearbeitung Ihrer Anfrage). Zwingende gesetzliche Bestimmungen &ndash; insbesondere Aufbewahrungsfristen &ndash; bleiben unber&uuml;hrt.<\/p>\n<h3>Anfrage per E-Mail, Telefon oder Telefax<\/h3>\n<p>Wenn Sie uns per E-Mail, Telefon oder Telefax kontaktieren, wird Ihre Anfrage inklusive aller daraus hervorgehenden personenbezogenen Daten (Name, Anfrage) zum Zwecke der Bearbeitung Ihres Anliegens bei uns gespeichert und verarbeitet. Diese Daten geben wir nicht ohne Ihre Einwilligung weiter.<\/p>\n<p>Die Verarbeitung dieser Daten erfolgt auf Grundlage von Art. 6 Abs. 1 lit. b DSGVO, sofern Ihre Anfrage mit der Erf&uuml;llung eines Vertrags zusammenh&auml;ngt oder zur Durchf&uuml;hrung vorvertraglicher Ma&szlig;nahmen erforderlich ist. In allen &uuml;brigen F&auml;llen beruht die Verarbeitung auf Ihrer Einwilligung (Art. 6 Abs. 1 lit. a DSGVO) und \/ oder auf unseren berechtigten Interessen (Art. 6 Abs. 1 lit. f DSGVO), da wir ein berechtigtes Interesse an der effektiven Bearbeitung der an uns gerichteten Anfragen haben.<\/p>\n<p>Die von Ihnen an uns per Kontaktanfragen &uuml;bersandten Daten verbleiben bei uns, bis Sie uns zur L&ouml;schung auffordern, Ihre Einwilligung zur Speicherung widerrufen oder der Zweck f&uuml;r die Datenspeicherung entf&auml;llt (z. B. nach abgeschlossener Bearbeitung Ihres Anliegens). Zwingende gesetzliche Bestimmungen &ndash; insbesondere gesetzliche Aufbewahrungsfristen &ndash; bleiben unber&uuml;hrt.<\/p>\n<h2>4. Soziale Medien<\/h2>\n<h3>Social-Media-Plugins mit Shariff<\/h3>\n<p>Auf unseren Seiten werden Plugins von sozialen Medien verwendet (z.B. Facebook, Twitter, Google+, Instagram, Pinterest, XING, LinkedIn, Tumblr).<\/p>\n<p>Die Plugins k&ouml;nnen Sie in der Regel anhand der jeweiligen Social-Media-Logos erkennen. Um den Datenschutz auf unserer Website zu gew&auml;hrleisten, verwenden wir diese Plugins nur zusammen mit der sogenannten &bdquo;Shariff&ldquo;-L&ouml;sung. Diese Anwendung verhindert, dass die auf unserer Website integrierten Plugins Daten schon beim ersten Betreten der Seite an den jeweiligen Anbieter &uuml;bertragen.<\/p>\n<p>Erst wenn Sie das jeweilige Plugin durch Anklicken der zugeh&ouml;rigen Schaltfl&auml;che aktivieren, wird eine direkte Verbindung zum Server des Anbieters hergestellt (Einwilligung). Sobald Sie das Plugin aktivieren, erh&auml;lt der jeweilige Anbieter die Information, dass Sie mit Ihrer IP-Adresse unsere Seite besucht haben. Wenn Sie gleichzeitig in Ihrem jeweiligen Social-Media-Account (z.B. Facebook) eingeloggt sind, kann der jeweilige Anbieter den Besuch unserer Seiten Ihrem Benutzerkonto zuordnen.<\/p>\n<p>Das Aktivieren des Plugins stellt eine Einwilligung im Sinne des Art. 6 Abs. 1 lit. a DSGVO dar. Diese Einwilligung k&ouml;nnen Sie jederzeit mit Wirkung f&uuml;r die Zukunft widerrufen.<\/p>\n<h3>Facebook Plugins (Like &amp; Share-Button)<\/h3>\n<p>Auf unseren Seiten sind Plugins des sozialen Netzwerks Facebook, Anbieter Facebook Inc., 1 Hacker Way, Menlo Park, California 94025, USA, integriert. Die Facebook Plugins erkennen Sie an dem Facebook-Logo oder dem &quot;Like-Button&quot; (&quot;Gef&auml;llt mir&quot;) auf unserer Seite. Eine &Uuml;bersicht &uuml;ber die Facebook Plugins finden Sie hier: <a href=\"https:\/\/developers.facebook.com\/docs\/plugins\/?locale=de_DE\" target=\"_blank\" rel=\"noopener\">https:\/\/developers.facebook.com\/docs\/plugins\/?locale=de_DE<\/a>.<\/p>\n<p>Wenn Sie unsere Seiten besuchen, wird &uuml;ber das Plugin eine direkte Verbindung zwischen Ihrem Browser und dem Facebook-Server hergestellt. Facebook erh&auml;lt dadurch die Information, dass Sie mit Ihrer IP-Adresse unsere Seite besucht haben. Wenn Sie den Facebook &quot;Like-Button&quot; anklicken w&auml;hrend Sie in Ihrem Facebook-Account eingeloggt sind, k&ouml;nnen Sie die Inhalte unserer Seiten auf Ihrem Facebook-Profil verlinken. Dadurch kann Facebook den Besuch unserer Seiten Ihrem Benutzerkonto zuordnen. Wir weisen darauf hin, dass wir als Anbieter der Seiten keine Kenntnis vom Inhalt der &uuml;bermittelten Daten sowie deren Nutzung durch Facebook erhalten. Weitere Informationen hierzu finden Sie in der Datenschutzerkl&auml;rung von Facebook unter: <a href=\"https:\/\/de-de.facebook.com\/privacy\/explanation\" target=\"_blank\" rel=\"noopener\">https:\/\/de-de.facebook.com\/privacy\/explanation<\/a>.<\/p>\n<p>Wenn Sie nicht w&uuml;nschen, dass Facebook den Besuch unserer Seiten Ihrem Facebook-Nutzerkonto zuordnen kann, loggen Sie sich bitte aus Ihrem Facebook-Benutzerkonto aus.<\/p>\n<p>Die Verwendung der Facebook Plugins erfolgt auf Grundlage von Art. 6 Abs. 1 lit. f DSGVO. Der Websitebetreiber hat ein berechtigtes Interesse an einer m&ouml;glichst umfangreichen Sichtbarkeit in den Sozialen Medien.<\/p>\n<h3>Tumblr Plugin<\/h3>\n<p>Unsere Seiten nutzen Schaltfl&auml;chen des Dienstes Tumblr. Anbieter ist die Tumblr, Inc., 35 East 21st St, 10th Floor, New York, NY 10010, USA.<\/p>\n<p>Diese Schaltfl&auml;chen erm&ouml;glichen es Ihnen, einen Beitrag oder eine Seite bei Tumblr zu teilen oder dem Anbieter bei Tumblr zu folgen. Wenn Sie eine unserer Websites mit Tumblr-Button aufrufen, baut der Browser eine direkte Verbindung mit den Servern von Tumblr auf. Wir haben keinen Einfluss auf den Umfang der Daten, die Tumblr mit Hilfe dieses Plugins erhebt und &uuml;bermittelt. Nach aktuellem Stand werden die IP-Adresse des Nutzers sowie die URL der jeweiligen Website &uuml;bermittelt.<\/p>\n<p>Die Verwendung des Tumblr-Plugins erfolgt auf Grundlage von Art. 6 Abs. 1 lit. f DSGVO. Der Websitebetreiber hat ein berechtigtes Interesse an einer m&ouml;glichst umfangreichen Sichtbarkeit in den Sozialen Medien.<\/p>\n<p>Weitere Informationen hierzu finden sich in der Datenschutzerkl&auml;rung von Tumblr unter: <a href=\"https:\/\/www.tumblr.com\/privacy\/de\" target=\"_blank\" rel=\"noopener\">https:\/\/www.tumblr.com\/privacy\/de<\/a>.<\/p>\n<h3>Pinterest Plugin<\/h3>\n<p>Auf unserer Seite verwenden wir Social Plugins des sozialen Netzwerkes Pinterest, das von der Pinterest Inc., 808 Brannan Street, San Francisco, CA 94103-490, USA (&quot;Pinterest&quot;) betrieben wird.<\/p>\n<p>Wenn Sie eine Seite aufrufen, die ein solches Plugin enth&auml;lt, stellt Ihr Browser eine direkte Verbindung zu den Servern von Pinterest her. Das Plugin &uuml;bermittelt dabei Protokolldaten an den Server von Pinterest in die USA. Diese Protokolldaten enthalten m&ouml;glicherweise Ihre IP-Adresse, die Adresse der besuchten Websites, die ebenfalls Pinterest-Funktionen enthalten, Art und Einstellungen des Browsers, Datum und Zeitpunkt der Anfrage, Ihre Verwendungsweise von Pinterest sowie Cookies.<\/p>\n<p>Die Verwendung des Pinterest-Plugins erfolgt auf Grundlage von Art. 6 Abs. 1 lit. f DSGVO. Der Websitebetreiber hat ein berechtigtes Interesse an einer m&ouml;glichst umfangreichen Sichtbarkeit in den Sozialen Medien.<\/p>\n<p>Weitere Informationen zu Zweck, Umfang und weiterer Verarbeitung und Nutzung der Daten durch Pinterest sowie Ihre diesbez&uuml;glichen Rechte und M&ouml;glichkeiten zum Schutz Ihrer Privatsph&auml;re finden Sie in den Datenschutzhinweisen von Pinterest: <a href=\"https:\/\/policy.pinterest.com\/de\/privacy-policy\" target=\"_blank\" rel=\"noopener\">https:\/\/policy.pinterest.com\/de\/privacy-policy<\/a>.<\/p>\n<h2>5. Analyse-Tools und Werbung<\/h2>\n<h3>1&amp;1 Web Analytics<\/h3>\n<p>Diese Website nutzt die Analysedienste von 1&amp;1-Webanalytics. Anbieter ist die 1&amp;1 Internet SE, Elgendorfer Stra&szlig;e 57, D &ndash; 56410 Montabaur. Im Rahmen der Analysen mit 1&amp;1 k&ouml;nnen u. a. Besucherzahlen und &ndash;verhalten (z. B. Anzahl der Seitenaufrufe, Dauer eines Webseitenbesuchs, Absprungraten), Besucherquellen (d. h., von welcher Seite der Besucher kommt), Besucherstandorte sowie technische Daten (Browser- und Betriebssystemversionen) analysiert werden. Zu diesem Zweck speichert 1&amp;1 insbesondere folgende Daten:<\/p>\n<ul>\n<li>Referrer (zuvor besuchte Webseite)<\/li>\n<li>angeforderte Webseite oder Datei<\/li>\n<li>Browsertyp und Browserversion<\/li>\n<li>verwendetes Betriebssystem<\/li>\n<li>verwendeter Ger&auml;tetyp<\/li>\n<li>Uhrzeit des Zugriffs<\/li>\n<li>IP-Adresse in anonymisierter Form (wird nur zur Feststellung des Orts des Zugriffs verwendet)<\/li>\n<\/ul>\n<p>Die Datenerfassung erfolgt laut 1&amp;1 vollst&auml;ndig anonymisiert, sodass sie nicht zu einzelnen Personen zur&uuml;ckverfolgt werden kann. Cookies werden von 1&amp;1-Webanalytics nicht gespeichert.<\/p>\n<p>Die Speicherung und Analyse der Daten erfolgt auf Grundlage von Art. 6 Abs. 1 lit. f DSGVO. Der Websitebetreiber hat ein berechtigtes Interesse an der statistischen Analyse des Nutzerverhaltens, um sowohl sein Webangebot als auch seine Werbung zu optimieren. Weitere Informationen zur Datenerfassung und Verarbeitung durch 1&amp;1-Webanalytics entnehmen Sie folgenden Links:<\/p>\n<p><a href=\"https:\/\/hosting.1und1.de\/hilfe\/online-marketing\/\" target=\"_blank\" rel=\"noopener\">https:\/\/hosting.1und1.de\/hilfe\/online-marketing\/<\/a><br \/> <a href=\"https:\/\/hosting.1und1.de\/hilfe\/datenschutz\/datenverarbeitung-von-webseitenbesuchern-ihres-company-name-produktes\/webanalytics\/\" target=\"_blank\" rel=\"noopener\">https:\/\/hosting.1und1.de\/hilfe\/datenschutz\/datenverarbeitung-von-webseitenbesuchern-ihres-company-name-produktes\/webanalytics\/<\/a><br \/> <a href=\"https:\/\/hosting.1und1.de\/terms-gtc\/terms-privacy\/\" target=\"_blank\" rel=\"noopener\">https:\/\/hosting.1und1.de\/terms-gtc\/terms-privacy\/<\/a><\/p>\n<h2>6. Plugins und Tools<\/h2>\n<h3>Google Maps (mit Einwilligung)<\/h3>\n<p>Diese Seite nutzt &uuml;ber eine API den Kartendienst Google Maps. Anbieterin ist die Google Inc., 1600 Amphitheatre Parkway Mountain View, CA 94043, USA.<\/p>\n<p>Um den Datenschutz auf unserer Website zu gew&auml;hrleisten, ist Google Maps deaktiviert, wenn Sie unsere Websiite das erste Mal betreten. Eine direkte Verbindung zu den Servern von Google wird erst hergestellt, wenn Sie Google Maps selbstst&auml;ndig aktivieren (Einwilligung nach Art. 6 Abs. 1 lit. a DSGVO). Auf diese Weise wird verhindert, dass Ihre Daten schon beim ersten Betreten der Seite an Google &uuml;bertragen werden.<\/p>\n<p>Nach der Aktivierung wird Google Maps Ihre IP-Adresse speichern. Diese wird anschlie&szlig;end in der Regel an einen Server von Google in den USA &uuml;bertragen und dort gespeichert. Der Anbieter dieser Seite hat nach der Aktivierung von Google Maps keinen Einfluss auf diese Daten&uuml;bertragung.<\/p>\n<p>Mehr Informationen zum Umgang mit Nutzerdaten finden Sie in der Datenschutzerkl&auml;rung von Google: <a href=\"https:\/\/www.google.de\/intl\/de\/policies\/privacy\/\" target=\"_blank\" rel=\"noopener\">https:\/\/www.google.de\/intl\/de\/policies\/privacy\/<\/a>.<\/p>\n<p>Quelle: <a href=\"https:\/\/www.e-recht24.de\">https:\/\/www.e-recht24.de<\/a><\/p>\n","protected":false},"excerpt":{"rendered":"<p>1. Datenschutz auf einen Blick Allgemeine Hinweise Die folgenden Hinweise geben einen einfachen &Uuml;berblick dar&uuml;ber, was mit Ihren personenbezogenen Daten passiert, wenn Sie unsere Website besuchen. Personenbezogene Daten sind alle Daten, mit denen Sie pers&ouml;nlich identifiziert werden k&ouml;nnen. Ausf&uuml;hrliche Informationen zum Thema Datenschutz entnehmen Sie unserer unter diesem Text aufgef&uuml;hrten Datenschutzerkl&auml;rung. Datenerfassung auf unserer Website [&hellip;]<\/p>\n","protected":false},"author":1,"featured_media":0,"parent":0,"menu_order":0,"comment_status":"closed","ping_status":"closed","template":"","meta":[],"_links":{"self":[{"href":"https:\/\/www.werft-malz.de\/index.php?rest_route=\/wp\/v2\/pages\/333"}],"collection":[{"href":"https:\/\/www.werft-malz.de\/index.php?rest_route=\/wp\/v2\/pages"}],"about":[{"href":"https:\/\/www.werft-malz.de\/index.php?rest_route=\/wp\/v2\/types\/page"}],"author":[{"embeddable":true,"href":"https:\/\/www.werft-malz.de\/index.php?rest_route=\/wp\/v2\/users\/1"}],"replies":[{"embeddable":true,"href":"https:\/\/www.werft-malz.de\/index.php?rest_route=%2Fwp%2Fv2%2Fcomments&post=333"}],"version-history":[{"count":7,"href":"https:\/\/www.werft-malz.de\/index.php?rest_route=\/wp\/v2\/pages\/333\/revisions"}],"predecessor-version":[{"id":396,"href":"https:\/\/www.werft-malz.de\/index.php?rest_route=\/wp\/v2\/pages\/333\/revisions\/396"}],"wp:attachment":[{"href":"https:\/\/www.werft-malz.de\/index.php?rest_route=%2Fwp%2Fv2%2Fmedia&parent=333"}],"curies":[{"name":"wp","href":"https:\/\/api.w.org\/{rel}","templated":true}]}}